hest common factor of 80750 and 10336?
646
What is the highest common divisor of 42174 and 462?
66
What is the greatest common factor of 63 and 445977?
63
Calculate the highest common factor of 56190 and 570.
30
Calculate the greatest common factor of 5898 and 6.
6
Calculate the greatest common factor of 3655 and 19703.
17
Calculate the highest common divisor of 338 and 18284110.
338
Calculate the greatest common divisor of 5715 and 5461.
127
Calculate the greatest common factor of 8579 and 13801.
373
Calculate the greatest common factor of 18 and 859014.
18
What is the greatest common factor of 130 and 54158?
26
What is the highest common factor of 87 and 3185447?
29
What is the greatest common factor of 1872 and 2142?
18
What is the greatest common divisor of 86450 and 76?
38
What is the greatest common factor of 270 and 2702538?
54
What is the highest common divisor of 547613 and 88?
11
What is the greatest common divisor of 56 and 30639?
7
What is the highest common divisor of 1107 and 8979?
123
What is the greatest common divisor of 70 and 469546?
14
Calculate the highest common factor of 323584 and 316.
316
What is the greatest common factor of 54430 and 730?
10
What is the greatest common factor of 15 and 107430?
15
Calculate the highest common divisor of 760 and 25232.
152
What is the highest common factor of 202739 and 29?
29
Calculate the greatest common divisor of 11 and 262669.
11
Calculate the highest common factor of 1230 and 46248.
246
What is the highest common divisor of 51068 and 68?
68
Calculate the highest common factor of 248108 and 266.
14
Calculate the highest common factor of 117 and 322257.
39
Calculate the highest common divisor of 6762 and 552.
138
Calculate the greatest common factor of 637 and 377.
13
Calculate the highest common factor of 4 and 502202.
2
Calculate the greatest common divisor of 1272 and 9.
3
What is the highest common factor of 116 and 299947?
29
Calculate the greatest common divisor of 252 and 1196838.
18
What is the greatest common divisor of 607 and 8?
1
Calculate the highest common factor of 342 and 4338.
18
What is the highest common divisor of 97641 and 285?
57
What is the greatest common divisor of 220 and 759770?
110
Calculate the greatest common factor of 390 and 51830.
10
Calculate the highest common divisor of 11023 and 8003.
151
Calculate the highest common divisor of 3959 and 12691.
37
Calculate the greatest common factor of 9861 and 247.
19
What is the greatest common divisor of 4752 and 15552?
432
Calculate the highest common divisor of 1280 and 16475.
5
What is the greatest common factor of 942207 and 210?
21
What is the highest common divisor of 1110 and 164058?
222
What is the highest common divisor of 85 and 316115?
85
What is the highest common factor of 1786 and 95504?
94
Calculate the greatest common factor of 274299 and 6.
3
Calculate the highest common factor of 368 and 12592.
16
What is the highest common divisor of 1194 and 54?
6
Calculate the greatest common factor of 1141644 and 56.
28
Calculate the greatest common divisor of 414 and 5526.
18
What is the greatest common factor of 1048 and 1336?
8
What is the greatest common divisor of 41154 and 228?
114
What is the greatest common factor of 5207 and 1312?
41
What is the highest common factor of 14 and 439992?
14
What is the highest common divisor of 312 and 60216?
312
Calculate the highest common factor of 135 and 8362575.
135
What is the greatest common divisor of 739452 and 14?
14
What is the greatest common factor of 520 and 6370?
130
What is the greatest common factor of 33786 and 882?
18
What is the highest common divisor of 545 and 5668?
109
Calculate the greatest common factor of 32684 and 8.
4
What is the highest common divisor of 511 and 385?
7
What is the greatest common factor of 4893 and 2859143?
1631
What is the highest common factor of 394852 and 4?
4
What is the highest common divisor of 1 and 3497?
1
What is the greatest common factor of 9378 and 730442?
1042
Calculate the greatest common divisor of 305844 and 84.
84
What is the highest common factor of 125 and 1075?
25
Calculate the greatest common divisor of 252 and 1228248.
252
What is the highest common divisor of 80698 and 1413?
157
What is the greatest common divisor of 3780 and 140?
140
What is the highest common divisor of 29648 and 26384?
272
Calculate the highest common divisor of 165552 and 96.
48
What is the highest common divisor of 461148 and 444?
12
What is the greatest common divisor of 1881 and 342?
171
What is the greatest common divisor of 2025 and 43335?
405
What is the greatest common factor of 202569 and 6?
3
What is the highest common factor of 773 and 8?
1
Calculate the highest common divisor of 142572 and 4578.
654
What is the highest common factor of 610570 and 20?
10
Calculate the highest common factor of 282 and 216.
6
What is the greatest common factor of 40 and 23272?
8
What is the greatest common divisor of 91 and 544817?
91
What is the greatest common factor of 27545 and 105?
35
What is the highest common divisor of 78 and 472134?
78
Calculate the highest common divisor of 11818 and 2128.
38
What is the highest common factor of 1944 and 4755672?
648
Calculate the highest common factor of 46413 and 324.
81
What is the greatest common factor of 3588771 and 1074?
537
What is the highest common divisor of 4617 and 57?
57
What is the highest common factor of 80540 and 40?
20
What is the highest common factor of 40 and 2437528?
8
Calculate the greatest common divisor of 528 and 104940.
132
Calculate the greatest common divisor of 7488 and 1040.
208
Calculate the greatest common factor of 11147 and 23927.
71
Calculate the greatest common factor of 135 and 18980.
5
What is the greatest common factor of 107510 and 650?
130
Calculate the greatest common divisor of 654689 and 341.
31
Calculate the highest common factor of 432 and 257832.
72
Calculate the greatest common divisor of 33432 and 448.
56
Calculate the greatest common factor of 80 and 437110.
10
What is the highest common factor of 12987 and 468?
117
What is the greatest common divisor of 694092 and 132?
12
What is the highest common factor of 40 and 2158080?
40
What is the highest common divisor of 5624 and 24?
8
Calculate the greatest common factor of 66 and 139458.
66
Calculate the highest common divisor of 730 and 126655.
365
Calculate the highest common divisor of 72192 and 4.
4
Calculate the greatest common divisor of 1719 and 35144.
191
Calculate the greatest common divisor of 4 and 6686.
2
What is the greatest common factor of 25027 and 145?
29
Calculate the greatest common divisor of 232 and 2709992.
232
What is the greatest common divisor of 2 and 269462?
2
What is the greatest common divisor of 17563 and 14?
7
Calculate the highest common factor of 82206 and 18.
18
What is the greatest common divisor of 46278 and 330?
6
What is the highest common factor of 433379 and 191?
191
Calculate the greatest common factor of 1426 and 161.
23
What is the highest common factor of 6120530 and 230?
230
What is the highest common factor of 208 and 359008?
208
Calculate the highest common divisor of 3857 and 113680.
203
What is the highest common divisor of 6308 and 2822?
166
Calculate the greatest common factor of 8 and 42472.
8
Calculate the greatest common divisor of 40338 and 14094.
486
What is the greatest common divisor of 1366910 and 20?
10
Calculate the greatest common divisor of 83957 and 1121.
59
What is the highest common divisor of 220 and 14850?
110
What is the highest common factor of 24776 and 304?
152
What is the greatest common factor of 705870 and 1386?
198
What is the highest common divisor of 270173 and 73?
73
Calculate the highest common factor of 3510 and 95472.
702
Calculate the highest common factor of 2211 and 289239.
201
Calculate the greatest common factor of 1905 and 5035.
5
Calculate the greatest common divisor of 5492 and 88.
4
Calculate the greatest common factor of 1132 and 9339.
283
Calculate the highest common divisor of 19038 and 13680.
114
Calculate the greatest common divisor of 9447 and 22701.
141
What is the greatest common divisor of 79940 and 420?
140
Calculate the greatest common divisor of 119989 and 194.
97
What is the highest com